ed by 62?
57
Let y = 60 - 29. Suppose -620*d - 58788 = -896*d. What is the remainder when d is divided by y?
27
Suppose 53*a + 6160 = 123*a. Calculate the remainder when 257 is divided by a.
81
What is the remainder when ((-258)/8)/((-2)/16) is divided by 30/(-17)*6290/(-555)?
18
Let t = 5827 + -5807. What is the remainder when 579 is divided by t?
19
Calculate the remainder when 4370 is divided by 36/(-42) + 27/63*3383.
23
Let x = -475 - -930. Let j = -4548 + 4551. Suppose j*b - x = -10*b. What is the remainder when b is divided by 9?
8
Let k be (-62 + -1)*((-14)/7 + 1). Let l = k - 16. Suppose 0 = -m - 6 + l. Calculate the remainder when m is divided by 23.
18
Let b be (-11 - -36)/5 - 3. Let q = -91 - -143. Suppose 59 = 3*j - b*i - 29, 2*j = -2*i + q. Calculate the remainder when j is divided by 10.
8
Let l be (-74)/26 - -3 - (-160)/(-26). Let s(t) = t**3 + 7*t**2 + 2*t + 5. Let f = 113 - -1. What is the remainder when f is divided by s(l)?
27
What is the remainder when 661 is divided by (-10 - 224/(-24))/(10/(-1995))?
129
Let i(c) = c + 10. Suppose 4*f = -4*w + 112, -5*f + 72 = 3*w - 6*f. Suppose -20*o + 15*o = w. What is the remainder when i(o) is divided by 3?
2
Let h = 24413 - 24342. Calculate the remainder when 2067 is divided by h.
8
Let o(t) = -t**3 - 9*t**2 - 13*t - 22. Let m be o(-9). Let a = -27 + m. Calculate the remainder when a is divided by 23.
22
Suppose 2*d - 278 + 258 = 0. Suppose 2*q - z - 43 = 0, 8*z - d*z - 2 = 0. Calculate the remainder when 72 is divided by q.
9
Suppose 0 = 424*m + 45*m - 866243. Calculate the remainder when m is divided by 18.
11
Suppose 34*i = -5*i - 166*i + 1025. Calculate the remainder when 69 is divided by i.
4
Let i(c) = -c + 4. What is the remainder when i(-4) is divided by (16 - 10)/(8*6/8)?
0
Suppose o - 4*o - 3 = 0. What is the remainder when 83 is divided by 78/65*(o - -16)?
11
Suppose n + 9 = -2*n, 3*n - 3 = -3*s. Suppose -2*d = 5*r - 16, -5*r = 5*d - s*d - 13. Calculate the remainder when (9/(-27))/(1/(-24)) is divided by r.
0
Suppose -y + 7 = -5*n, 0*n - 11 = -3*y + 5*n. Let k(r) = -4*r - 6 - 5*r**2 + 3*r**y - 8*r**2 - r**3 + r. What is the remainder when k(-10) is divided by 13?
11
Let q = 91 - -93. Let r = q - 123. Calculate the remainder when 365 is divided by r.
60
Let t = -190 - -296. Let c = t + -67. Calculate the remainder when c is divided by 11.
6
Let w = 4113 - 4074. Suppose 4*s = m + 14, 3*s - 11 = -m + 2*s. Calculate the remainder when w is divided by m.
3
Let q(x) = 10*x**2 + 6 + 11 + 8 + 5*x - 19. Calculate the remainder when q(-5) is divided by 78.
75
Suppose -33952 = -217*i + 334. What is the remainder when i is divided by 28?
18
Let v be 343/14 - 2/4. Let b be v/4*1/3. Suppose -2*z + 2 = 0, -b*i - 10 = -5*i - z. Calculate the remainder when 5 is divided by i.
2
Let q = -3 + 71. Let z(v) = v**3 - 4*v**2 - 4*v + 9. Suppose 3*j - 10 = -64*l + 62*l, -j = 0. Calculate the remainder when q is divided by z(l).
12
Suppose 2*p = 4*n - 62, -2*p - 2*n - 13 = 25. Let c = 200 + p. What is the remainder when c is divided by 20?
17
Suppose 23*u - 306 = 17*u. Suppose u + 133 = 4*o. What is the remainder when o is divided by 14?
4
Let w = 20 - -65. Suppose -12 = -v - 2*p - 49, -5*v + 3*p = 237. Calculate the remainder when w is divided by ((-35)/(-21))/((-3)/v).
10
Let y be (-117)/(-6)*(-1 + 20/12). Let w(g) = -g + 56. What is the remainder when 85 is divided by w(y)?
42
Let f(t) = -234*t + 5181. Calculate the remainder when f(22) is divided by 15.
3
Suppose 4*b = 9*b - 65. Let x be -2 - -5 - (2/2)/1. Calculate the remainder when (-5 - (-9 + x)) + 47/1 is divided by b.
10
What is the remainder when (5247/(-6)*48/(-72))/((-5)/(-5)) is divided by 115?
8
Let m(j) = -4*j**2 - 38*j + 128. Calculate the remainder when 1711 is divided by m(-12).
7
Let b(m) = -599*m - 1465. Calculate the remainder when b(-5) is divided by 128.
122
Suppose 23*t - 2016 = 17*t. Calculate the remainder when t is divided by 45.
21
Suppose 36*y - 1514 = -362. Suppose 0 = -8*r + 2*r + 162. What is the remainder when y is divided by r?
5
Let g(k) be the third derivative of k**5/60 - 5*k**4/8 + 22*k**3 - 158*k**2. What is the remainder when g(7) is divided by 16?
12
Suppose x = 6*d - 3*d + 1165, -2333 = -2*x + 5*d. Let u = -1161 + x. Let y(q) = -q**2 + q + 30. What is the remainder when y(0) is divided by u?
4
Let x(t) = t**3 + 6*t**2 + 5*t + 6. Let n be 12/21 + 2558/7 + -2. Let y = 397 - n. Calculate the remainder when y is divided by x(-5).
3
Let m(l) = 2*l**2 + 22*l + 81. Calculate the remainder when 210 is divided by m(-9).
30
Let w(n) = 10 + 7 - 41*n + 483*n**3 - 42*n**2 - 485*n**3. Calculate the remainder when 69 is divided by w(-20).
32
Let w(g) = 22*g**2 - 3*g + 3. Let o = -141 - -143. Calculate the remainder when w(2) is divided by ((-1 - -2)*58)/o.
27
Suppose 33 - 23 = -2*d. Let a(h) = 11*h**2 + 41*h + 13. What is the remainder when a(d) is divided by 7?
6
Let h(r) = 4*r + 18. Let c be (-7 + 6)*-1*5. Suppose c*z - 36 = 2*z. What is the remainder when h(z) is divided by 17?
15
Let y = -84993 - -85115. What is the remainder when y is divided by (7*-4)/((-4)/6)?
38
Let f(z) = 24*z**2. Let k be f(-1). Let i(v) be the third derivative of v**5/60 - v**4 + 35*v**3/6 - 259*v**2. What is the remainder when i(k) is divided by 4?
3
Let z be -2 + (-3 - 32/1). Let g = -77 - -53. Let b = g - z. Calculate the remainder when 25 is divided by b.
12
Suppose -12*x + 4*v + 10548 = -8*x, -2*v = -7*x + 18454. What is the remainder when x is divided by 12?
8
Let j(d) = -d**3 - 4*d**2 - 5*d - 10. Let u be j(-4). Suppose 0 = -3*l + q + 37, -14 = -l + 2*q - 0*q. What is the remainder when 138*(0 + 5/u) is divided by l?
9
Suppose -693 = -10*x + 3*x. Suppose -1 = 2*b + 5. What is the remainder when x is divided by (34/(-6))/(4/36*b)?
14
Let d(m) = -m + 8. Let w be d(11). Let v(h) = 5*h**2 + 4*h - 2. Let q = 83 + -22. Calculate the remainder when q is divided by v(w).
30
Let w(t) = 2*t**2 + 88*t - 673. Let g be 2/9 - (-660)/(-54). What is the remainder when w(7) is divided by g/(-54) - 266/(-18)?
11
Suppose -5*o + 49 = 4*w - 71, 3*o = -2*w + 72. Let q(n) = -n**3 - n**2 - n + 119. Calculate the remainder when q(0) is divided by o.
23
Let h = -5861 - -7236. Calculate the remainder when h is divided by 15.
10
Suppose 5*z + 0*z - 180 = 0. Let f = -301 - -409. Suppose -30*q = -z*q + f. Calculate the remainder when 83 is divided by q.
11
Suppose -3*f + 4*k = -8*f + 38776, -5*f = 3*k - 38782. Calculate the remainder when f is divided by 11.
5
Let s(h) = 6*h**2 - h - 1. Let j be (7 + -5)*(-2)/4. Let c = -619 + 639. What is the remainder when c is divided by s(j)?
2
Let q(k) = k**2 + 5*k + 10. Let f be q(-3). Suppose -51 = -x + o + 2*o, -f*o + 23 = x. Let b = x + 83. Calculate the remainder when b is divided by 25.
22
Suppose l - 5*l = 2*o - 1430, -5*o + 2*l + 3515 = 0. Let k be (-2)/(-3*10/o). Let s = k + 10. What is the remainder when s is divided by 30?
27
Suppose 571 = 42*a - 284 - 3429. Calculate the remainder when 430 is divided by a.
22
Let p(m) = -12*m - 42. Let a be p(-7). Calculate the remainder when 84 is divided by ((-24)/a)/(4/(-210)).
24
Calculate the remainder when 344 is divided by 155/62*((-6)/8 - 542/(-40)).
24
Suppose -12 = t - 2. What is the remainder when ((-23)/(-4))/((-264)/(-32) - 8) is divided by 2/10 + (-138)/t?
9
Let g = 1818 + -78. What is the remainder when g is divided by 76?
68
Let i = 12904 - 9749. Calculate the remainder when i is divided by 24.
11
Suppose -5*b + 5*v = -2225, -6*b = -2*b - 7*v - 1804. Calculate the remainder when b is divided by 68.
29
What is the remainder when (507/(-169)*(-2)/(-4))/((-3)/154) is divided by ((-56)/12)/(4/(-6))?
0
Suppose -5*k + 175 = 5*j, 474*j = -k + 477*j + 59. What is the remainder when 265 is divided by k?
19
Let q = 225 - 181. Suppose -117*k = -116*k - 5. Suppose -k*b - 5*b = -860. What is the remainder when b is divided by q?
42
Let o(b) = -9*b**2 - 69*b. Calculate the remainder when o(-6) is divided by 39.
12
Suppose -729 = -4*k + k. Let g = 1266 + -1205. What is the remainder when k is divided by g?
60
Let v(p) = -8*p - 31. Let i be v(-2). Let b = -1 - i. Calculate the remainder when 121 is divided by b.
9
Let w(c) = 11*c**2 - 82*c - 12. What is the remainder when 356 i